74884?
2, 1318721
List the prime factors of 66317.
17, 47, 83
What are the prime factors of 15309428?
2, 3827357
List the prime factors of 3696304.
2, 231019
What are the prime factors of 1159269?
3, 23, 53, 317
What are the prime factors of 4047421?
7, 578203
What are the prime factors of 533776?
2, 73, 457
What are the prime factors of 9001742?
2, 4500871
List the prime factors of 54222.
2, 3, 7, 1291
List the prime factors of 23011983.
3, 19, 23, 5851
What are the prime factors of 2525208?
2, 3, 7, 15031
List the prime factors of 607553.
307, 1979
List the prime factors of 4674011.
1063, 4397
List the prime factors of 4754219.
1129, 4211
What are the prime factors of 286447?
7, 151, 271
List the prime factors of 209768.
2, 13, 2017
List the prime factors of 6456451.
181, 35671
What are the prime factors of 591781?
113, 5237
What are the prime factors of 1595312?
2, 99707
What are the prime factors of 16769348?
2, 71, 137, 431
List the prime factors of 534921.
3, 178307
What are the prime factors of 1684149?
3, 61, 9203
What are the prime factors of 57798?
2, 3, 13, 19
List the prime factors of 382142.
2, 191071
List the prime factors of 6301125.
3, 5, 1867
What are the prime factors of 4604369?
7, 11, 59797
List the prime factors of 76660.
2, 5, 3833
List the prime factors of 53671.
191, 281
List the prime factors of 172107.
3, 13, 1471
What are the prime factors of 126688?
2, 37, 107
List the prime factors of 4910493.
3, 7, 19, 31, 397
List the prime factors of 188844.
2, 3, 15737
List the prime factors of 656263.
656263
What are the prime factors of 2438640?
2, 3, 5, 1129
What are the prime factors of 885709?
11, 73, 1103
List the prime factors of 312975.
3, 5, 13, 107
What are the prime factors of 361587?
3, 43, 2803
List the prime factors of 618251.
29, 21319
What are the prime factors of 228579?
3, 13, 5861
What are the prime factors of 609155?
5, 23, 5297
List the prime factors of 6529779.
3, 725531
What are the prime factors of 407870?
2, 5, 40787
What are the prime factors of 12359884?
2, 17, 181763
What are the prime factors of 14955330?
2, 3, 5, 13, 31, 1237
What are the prime factors of 2813563?
2813563
List the prime factors of 250496.
2, 19, 103
What are the prime factors of 25547036?
2, 211, 30269
List the prime factors of 11264724.
2, 3, 37, 2819
List the prime factors of 197266.
2, 53, 1861
List the prime factors of 1399196.
2, 499, 701
What are the prime factors of 474457?
541, 877
What are the prime factors of 17871452?
2, 4467863
List the prime factors of 112046.
2, 11, 463
What are the prime factors of 6005498?
2, 113, 26573
What are the prime factors of 4881741?
3, 1627247
What are the prime factors of 27397?
27397
List the prime factors of 578683.
7, 19, 229
List the prime factors of 402102.
2, 3, 89, 251
List the prime factors of 38422327.
251, 153077
What are the prime factors of 895599?
3, 191, 521
What are the prime factors of 1195253?
17, 70309
What are the prime factors of 106134?
2, 3, 7, 19
List the prime factors of 265217.
17, 15601
What are the prime factors of 1899517?
67, 28351
List the prime factors of 11823745.
5, 277, 8537
What are the prime factors of 3488779?
7, 498397
What are the prime factors of 34392774?
2, 3, 13, 19, 23, 1009
What are the prime factors of 14684766?
2, 3, 1523, 1607
What are the prime factors of 1488417?
3, 7, 70877
List the prime factors of 175587.
3, 107, 547
What are the prime factors of 181895?
5, 7, 5197
List the prime factors of 19655406.
2, 3, 363989
What are the prime factors of 13526852?
2, 23, 147031
List the prime factors of 2472708.
2, 3, 7, 29437
What are the prime factors of 39138162?
2, 3, 7, 239, 557
List the prime factors of 200116.
2, 7, 1021
List the prime factors of 241713.
3, 107, 251
What are the prime factors of 1229439?
3, 409813
List the prime factors of 111866.
2, 55933
What are the prime factors of 209430?
2, 3, 5, 13, 179
What are the prime factors of 1784451?
3, 179, 3323
List the prime factors of 9360672.
2, 3, 281, 347
List the prime factors of 8676363.
3, 59, 49019
List the prime factors of 5353517.
13, 411809
List the prime factors of 198748.
2, 11, 4517
What are the prime factors of 2457384?
2, 3, 17, 19, 317
List the prime factors of 2610144.
2, 3, 19, 53
What are the prime factors of 654797?
11, 13, 19, 241
List the prime factors of 1674576.
2, 3, 29, 401
What are the prime factors of 291198?
2, 3, 48533
What are the prime factors of 639301?
13, 49177
What are the prime factors of 45832?
2, 17, 337
What are the prime factors of 17348466?
2, 3, 17, 283, 601
What are the prime factors of 49155?
3, 5, 29, 113
What are the prime factors of 1450839?
3, 13, 37201
List the prime factors of 1175892.
2, 3, 29, 31, 109
What are the prime factors of 485001?
3, 11, 23, 71
What are the prime factors of 431692?
2, 107923
List the prime factors of 19953642.
2, 3, 1787, 1861
What are the prime factors of 990272?
2, 15473
What are the prime factors of 6499407?
3, 43, 50383
List the prime factors of 207543.
3, 7, 9883
List the prime factors of 1392418.
2, 227, 3067
What are the prime factors of 17045488?
2, 1065343
List the prime factors of 1390954.
2, 695477
What are the prime factors of 2287859?
7, 46691
List the prime factors of 4159140.
2, 3, 5, 103, 673
What are the prime factors of 359825?
5, 37, 389
What are the prime factors of 2317901?
31, 74771
What are the prime factors of 26532853?
26532853
What are the prime factors of 314835?
3, 5, 139, 151
What are the prime factors of 8768433?
3, 2922811
What are the prime factors of 8922626?
2, 4461313
List the prime factors of 1018376.
2, 127297
What are the prime factors of 164479?
7, 23497
List the prime factors of 2499726.
2, 3, 416621
List the prime factors of 3197670.
2, 3, 5, 7, 15227
What are the prime factors of 114578?
2, 59, 971
What are the prime factors of 20359?
20359
List the prime factors of 20860.
2, 5, 7, 149
List the prime factors of 515791.
79, 6529
List the prime factors of 789957.
3, 7, 12539
What are the prime factors of 97543?
23, 4241
What are the prime factors of 26586?
2, 3, 7, 211
What are the prime factors of 329886?
2, 3, 41, 149
What are the prime factors of 470431?
13, 36187
What are the prime factors of 324618?
2, 3, 7, 59, 131
What are the prime factors of 5434?
2, 11, 13, 19
List the prime factors of 585123.
3, 7, 11, 17, 149
What are the prime factors of 1670179?
7, 397, 601
What are the prime factors of 2163441?
3, 7, 71, 1451
List the prime factors of 27006036.
2, 3, 2250503
List the prime factors of 318514.
2, 7, 22751
What are the prime factors of 652763?
23, 101, 281
What are the prime factors of 932126?
2, 13, 35851
List the prime factors of 9128972.
2, 2282243
What are the prime factors of 10025015?
5, 7, 11, 13, 2003
What are the prime factors of 1187796?
2, 3, 31, 103
List the prime factors of 894447.
3, 23, 29, 149
List the prime factors of 3093001.
1109, 2789
What are the prime factors of 4124397?
3, 619, 2221
List the prime factors of 369751.
369751
List the prime factors of 1408456.
2, 7, 3593
What are the prime factors of 858344?
2, 19, 5647
List the prime factors of 142300.
2, 5, 1423
What are the prime factors of 15811933?
19, 67, 12421
List the prime factors of 11922737.
157, 75941
What are the prime factors of 7210?
2, 5, 7, 103
What are the prime factors of 14489933?
17, 41, 20789
List the prime factors of 1758054.
2, 3, 113, 2593
List the prime factors of 8050987.
7, 1150141
List the prime factors of 10408764.
2, 3, 867397
What are the prime factors of 23677?
23677
What are the prime factors of 100180?
2, 5, 5009
List the prime factors of 167896.
2, 31, 677
What are the prime factors of 464821?
7, 66403
List the prime factors of 5344240.
2, 5, 11, 6073
What are the prime factors of 405482?
2, 7, 11, 2633
List the prime factors of 453452.
2, 113363
List the prime factors of 1752035.
5, 29, 43, 281
List the prime factors of 17103526.
2, 11, 777433
What are the prime factors of 8041948?
2, 1019, 1973
What are the prime factors of 91680?
2, 3, 5, 191
What are the prime factors of 660947?
7, 94421
List the prime factors of 574137.
3, 63793
What are the prime factors of 35174?
2, 43, 409
List the prime factors of 1755733.
7, 19, 43, 307
What are the prime fact